r(s) = -s**2 - 4*s + 6. Calculate r(i).
-39
Let v(l) = -14*l - 109. Let k(j) = -489*j - 4902. Let u be k(-10). What is v(u)?
59
Let y(v) = v**3 - v**2 - 36*v + 33. Let b(z) = -4*z**3 + 9*z**2 + 143*z - 129. Let h(w) = -4*b(w) - 17*y(w). What is h(-21)?
-3
Let m(y) = y**3 + 7*y**2 - 9*y - 4. Let w = 86 + -123. Let b = 37 + w. Suppose b = -x - 5*g - 8, -g - 24 = 4*x - x. Calculate m(x).
4
Let u(g) = -23*g - 199. Let n(j) = 5*j + 49. Let k(x) = -9*n(x) - 2*u(x). Give k(0).
-43
Suppose -754 = -61*w + 220 - 242. Let u(f) = f + 19. What is u(w)?
31
Let g(v) = 49*v - 1635. Let o be g(33). Let c(t) = -3*t - 61. Give c(o).
-7
Suppose -z = -2*g + 7, 9*g - 37 = -4*z + 4*g. Suppose 3*i = -2*j - 15, 3*i + 3*j = -21 + z. Let u(v) = v**2 + 5*v - 2. Calculate u(i).
-8
Let c be 2*4/(-20)*-5. Suppose -c*n = n. Let p(x) = 8 - x**2 + 1796*x**3 + 5 + x - 5 - 1795*x**3. Give p(n).
8
Suppose -9*q + 19 = 5*l - 7*q, -2 = 2*l + 4*q. Suppose 2*g - 4459 = -l*g. Let f(r) = -2 - g*r**3 + 3*r**2 + 636*r**3 + 2*r**2. Calculate f(5).
-2
Let c(a) be the second derivative of 43*a - 1/2*a**3 + 2 + 7/2*a**2. What is c(3)?
-2
Let m(u) = -u. Suppose 0 = -181*n + 56*n + 625. Suppose -3*b + 0 = -5*y - 12, 0 = 5*b - 4*y - 33. Suppose -b*z = -n*z. Determine m(z).
0
Suppose -11*h + 6*h - w = -6, 3*w = -5*h - 2. Let p(v) = -h + v**3 + 10 - 5 - 2 + 11*v**2. Calculate p(-11).
1
Let h(d) = 57*d - 1032. Let p be h(18). Let n(o) = 3*o**2 + 8*o + 7. Let c(g) = 13*g**2 + 33*g + 29. Let x(u) = 2*c(u) - 9*n(u). Determine x(p).
-5
Let r(q) be the first derivative of q**4/4 + 7*q**3/3 - q**2/2 - 3*q - 5. Suppose 0*t + 8 = 2*t. Suppose -t*h - 1 - 7 = 0, 0 = d + 4*h + 15. Determine r(d).
4
Let v(q) = 3*q**2 - q + 1. Let c be 4/(-6)*((4 - 39) + -4). Let m(w) = w**2 - 29*w + 79. Let b be m(c). What is v(b)?
3
Let f(y) = y**2 + 10*y + 11. Let j = -29 + -4. Let a = 35 + j. Suppose -p - 2*p - a*n = 33, -n = -4*p - 33. Calculate f(p).
2
Suppose 2*u = -c + 41 - 36, u - c = -2. Let h(r) = -6*r - u - 13*r - 3*r + 21*r + 20. Give h(13).
6
Let f be (-38)/(-4) - (-279)/558. Let c(r) = -r**3 + 11*r**2 - 9*r + 10. Determine c(f).
20
Let s(g) = -5919*g - 25 + 2956*g + 2966*g. Determine s(7).
-4
Let d(c) = -6*c**2 + 15*c - 3. Let a(k) = -31*k**2 + 70*k - 16. Let r(y) = -2*a(y) + 11*d(y). Give r(6).
5
Let p(b) = 11*b**2 - 18*b - 17*b - 4 - 3 + 39*b**3 + 38*b - 41*b**3. What is p(6)?
-25
Let x(k) = -k**2 + 5*k - 3. Let u be x(4). Let r(g) = g + 73101 - 73101 + 40*g**2. What is r(u)?
41
Let j(d) be the second derivative of -d**5/20 + 17*d**4/12 - 3*d**2/2 - 1657*d. Determine j(17).
-3
Let o(n) = 3*n - 10. Suppose -3*z + 0*j + 21 = -3*j, 23 = 5*z - j. Let i be o(z). Suppose i*t + 90 = -16*t. Let s(d) = -d**2 - 4*d - 5. What is s(t)?
-10
Let i(k) = -k**3 + 3*k**2 + 4*k + 3. Let r be i(4). Suppose 4*a - 5*s = -s + 204, -r*s - 51 = -a. Let m(w) = -51*w + 104*w - a*w. Give m(-2).
-4
Let p(c) = 43*c - 38*c**2 + 21 - c**3 - 25*c**2 + 158*c**2 - 33*c**2 - 43*c**2. Calculate p(21).
42
Let h(g) = 9*g + 217. Let w(d) = 6*d + 136. Let j(o) = -5*h(o) + 8*w(o). What is j(-10)?
-27
Let n(o) = -6*o**2 - 5 - 6*o + 4 - 5 + o**3 + o + 13*o. Let u = 17 + -12. What is n(u)?
9
Let x(r) = -r**2 + 4*r - 61. Suppose -107*n = -118*n + 66. Determine x(n).
-73
Let c(f) = 7*f**2 + 6*f**3 + 6 - f**3 - 4*f**3. Let q be c(-7). Let i(y) = 54*y - 18*y - 35*y. Calculate i(q).
6
Let v = 114 - 106. Suppose -3*o - 9*k + 1 = -v*k, 5*o + 21 = 4*k. Let u(i) be the third derivative of -i**6/6 + i**5/60 + i**4/24 - i**2. Give u(o).
20
Let m(a) = 2*a**3 - 9*a**2 - a + 5. Let h(k) = 3*k**3 - 10*k**2 - k + 5. Suppose 2*g = -b + 6*g - 4, 2*g - 8 = 2*b. Let n(s) = b*m(s) + 3*h(s). Calculate n(-5).
15
Let u = -192 - -196. Suppose u*o - 3*m = -11, -2 = 2*o - m + 3*m. Let y(z) = 10*z. Give y(o).
-20
Let b(i) = i**3 + 69*i**2 + 137*i + 198. Let g be b(-67). Let s(z) = 7*z - 2. What is s(g)?
-23
Let v(y) = y - 9. Let f(k) = 2*k - 4. Let d(r) = -2*f(r) + v(r). Suppose -5*g - 5 = 5*z, -z = -6*z - 2*g + 4. Suppose 8 = -3*p + z. What is d(p)?
5
Let x(i) = -4*i + 3. Let t be x(2). Suppose -36*d - 12 = -39*d. Let s(v) = 8 - 14*v**3 + 17*v**3 - d*v**3 - 3 + 7*v - 3*v**2. What is s(t)?
20
Let p be 6*1 + -1 + 9. Suppose 0 = -0*i + 3*i - 24. Suppose -p = 3*h - i. Let d(l) = -10*l - 1. What is d(h)?
19
Let t(a) be the second derivative of 1/3*a**4 - 21/2*a**2 + 0 + 3/2*a**3 + 1/60*a**5 - 14*a. Let v(r) be the first derivative of t(r). Calculate v(-7).
2
Let t(f) be the third derivative of -f**6/120 - 2*f**5/15 - 3*f**4/8 - 3*f**3/2 + 43*f**2 - 2. Give t(-5).
-39
Let q(l) be the second derivative of l**7/840 - l**6/180 - l**5/40 + l**4/24 + 41*l**3/6 - l + 4. Let f(r) be the second derivative of q(r). Give f(2).
-5
Let k(f) = 14*f - 41. Suppose 3*x - 2*l = 3, -5*l = 4*x - 23 - 4. Give k(x).
1
Let d(m) be the third derivative of 5*m**4/12 - 47*m**3/6 + 9*m**2 - m + 23. What is d(-5)?
-97
Let k(i) be the second derivative of -i**4/12 - i**3/6 - 11*i**2/2 + 12*i. Suppose -17*d + 179 = 26. Suppose d*m = 8*m. Give k(m).
-11
Let s(j) = 28*j + 3. Let m(p) = -54*p - 5. Suppose 14 = 66*l - 68*l. Let x(n) = l*s(n) - 4*m(n). What is x(-1)?
-21
Let f(i) be the third derivative of i**6/60 - i**5/15 - i**4/24 + 9*i**2. Let z be (-8)/(-40) + (-48)/(-10). Let j = -2 + z. Calculate f(j).
15
Let m(o) = -28*o + 1014. Let t be m(37). Let v(x) = x + 26. Calculate v(t).
4
Let w(y) = -27*y**2 + 3*y + 2. Let o(h) = -141*h**2 + 3*h + 9. Let q(n) = -4*o(n) + 21*w(n). Calculate q(17).
6
Let m(o) be the first derivative of -o**3/3 + 8*o**2 - 26*o + 1561. What is m(13)?
13
Let v(y) = 3*y + 12. Let x be v(-12). Let j = x - -19. Let m(p) = 4*p**2 - 2*p**2 - p**2 + 3*p + 2*p. Calculate m(j).
0
Let o(l) be the first derivative of -l**2 + 8*l - 62. Let w(a) = 4*a - 17. Let q(v) = 5*o(v) + 2*w(v). What is q(6)?
-6
Let f be 4/(2 - (4 + (-336)/164)). Suppose -4*t + 47 = 5*a - 11, -5*a + 4*t = -f. Suppose 3*i + 5*w - 10 = 4*w, -w + a = 4*i. Let y(s) = s**2 - 3. Give y(i).
13
Let x(f) be the second derivative of 0 + 17/12*f**4 + 1/240*f**6 + 3*f + 0*f**3 + 0*f**2 - 1/60*f**5. Let o(k) be the third derivative of x(k). Calculate o(-3).
-11
Let z(s) = -28*s**3 - 8*s**2 - 11*s - 4. Let u(v) = -10*v**3 - 3*v**2 - 4*v - 2. Let f(a) = 11*u(a) - 4*z(a). What is f(3)?
39
Let h(r) = -2*r**3 + 175*r**2 - 1054*r + 132. Let y be h(81). Let w(c) = -6*c + 292. What is w(y)?
-14
Let n be 16/6*(-6)/4. Let j(b) = -3 - 1897*b**3 + b + 10 - 5 + 4*b**2 + 1898*b**3. Calculate j(n).
-2
Let g(f) = -4*f**3 - 14*f**2 - 8. Let v(h) = -h**3 - 2*h**2 - 1. Let a(l) = g(l) - 3*v(l). Let w = -9 + 1. Determine a(w).
-5
Let k = -60 - -66. Let c(x) be the first derivative of -x**3/3 + 5*x**2/2 + 4*x + 116. Give c(k).
-2
Let c be (-76 - -1)*10/10. Let q = -69 - c. Suppose v = -1, 2*v = -4*x + q*x - 4. Let m(b) = -9*b**3 + 2*b**2 - b. Calculate m(x).
-8
Let d(t) be the third derivative of -t**4/4 - 5*t**3/2 + 1972*t**2. What is d(-5)?
15
Suppose 4*f - 8 = -20. Let u(t) = -73*t - 3*t**2 + 6 + 302*t - 3 - 62*t - 77*t - t**3 - 88*t. What is u(f)?
-3
Let i(r) = -5*r - 2. Let v = -101 - -107. Suppose v*n - 16 - 20 = 0. What is i(n)?
-32
Let q(z) = -6*z**2 - 3*z + 20. Suppose -128*d + 560 = -0*d + 12*d. Give q(d).
-88
Let y(f) be the third derivative of f**5/20 - 3*f**4/4 + 7*f**3/6 - 1156*f**2. Determine y(6).
7
Let d = -72 + 73. Let x(i) = 3*i**2 - 4*i + 2. Let n be x(2). Let b(m) = n + 2*m**2 + 5 + d + 12*m - m**2. Determine b(-9).
-15
Let c be 0*4/(-6)*9/6. Let x(h) be the second derivative of h**4/12 - 3*h**2 - 10*h + 36. What is x(c)?
-6
Let j(s) be the second derivative of s**5/20 - 5*s**4/6 - 2*s**3 + 15*s**2/2 - s - 6168. Let u(c) = -2*c + 3. Let v be u(-4). What is j(v)?
4
Let m be ((420/16)/21)/(5 - 19/4). Let u(g) be the first derivative of -g**4/4 + 4*g**3/3 + 3*g**2 + 4*g - 3. What is u(m)?
9
Let o(k) = 2*k - 1. Let d(l) = 7*l - 17. Let i(p) = 5*p - 12. Let b(c) = 5*d(c) - 8*i(c). Let a(x) = b(x) + 2*o(x). Determine a(8).
1
Let c(u) = 14*u + 1. Let a = 69 - 800. Let s = a - -732. Determine c(s).
15
Suppose 6*v - 21 - 3 = 0. Let j(l) = v*l - 12 + 22*l - 27*l. Determine j(-9).
-3
Let s be (-15)/(-30) + 1/(-2). Let t(j) = -9*j. Let n be t(s). Let z(d) be the second derivative of d**4/12 + d**3/6 - d**2/2 + 5*d. Give z(n).
-1
Let b(g) = -83*g - 2. 